Does 4 divide 40?
True
Does 28 divide 448?
True
Is 16 a factor of 11408?
True
Does 8 divide 12032?
True
Is 34 a factor of 71638?
True
Is 71 a factor of 86530?
False
Is 20 a factor of 18448?
False
Is 28 a factor of 233?
False
Is 90 a factor of 10589?
False
Is 16358 a multiple of 18?
False
Is 1320 a multiple of 60?
True
Does 18 divide 1710?
True
Is 1197 a multiple of 19?
True
Is 21801 a multiple of 37?
False
Is 2317 a multiple of 7?
True
Does 151 divide 49377?
True
Does 40 divide 9147?
False
Is 4924 a multiple of 61?
False
Is 50 a factor of 1500?
True
Does 87 divide 1387?
False
Is 94 a factor of 5922?
True
Does 18 divide 5891?
False
Is 3315 a multiple of 51?
True
Does 26 divide 1482?
True
Does 375 divide 74123?
False
Is 6 a factor of 150?
True
Is 11488 a multiple of 16?
True
Is 120683 a multiple of 15?
False
Is 59541 a multiple of 11?
False
Is 37200 a multiple of 25?
True
Is 4009 a multiple of 20?
False
Is 168 a multiple of 3?
True
Is 843 a multiple of 3?
True
Is 46089 a multiple of 10?
False
Does 37 divide 22434?
False
Does 270 divide 47281?
False
Does 23 divide 374?
False
Does 72 divide 5416?
False
Is 5253 a multiple of 51?
True
Is 42 a factor of 1023?
False
Is 23 a factor of 6522?
False
Does 5 divide 1470?
True
Does 24 divide 591?
False
Is 5 a factor of 18504?
False
Is 26 a factor of 14106?
False
Is 7 a factor of 1337?
True
Is 6 a factor of 2328?
True
Does 17 divide 4556?
True
Is 73 a factor of 84680?
True
Is 141 a factor of 1692?
True
Is 5 a factor of 135?
True
Does 30 divide 1350?
True
Does 19 divide 936?
False
Is 667 a multiple of 12?
False
Does 12 divide 620?
False
Is 255 a multiple of 3?
True
Does 17 divide 76820?
False
Is 3 a factor of 5?
False
Does 68 divide 3230?
False
Is 36 a factor of 48240?
True
Is 8377 a multiple of 82?
False
Is 207 a factor of 9108?
True
Is 7 a factor of 602?
True
Does 190 divide 48450?
True
Is 92 a factor of 4508?
True
Does 5 divide 3790?
True
Is 23472 a multiple of 9?
True
Is 25408 a multiple of 119?
False
Does 7 divide 66?
False
Is 30842 a multiple of 58?
False
Does 10 divide 10?
True
Is 3240 a multiple of 60?
True
Is 23 a factor of 802?
False
Is 16236 a multiple of 36?
True
Does 120 divide 3960?
True
Is 14120 a multiple of 10?
True
Is 56178 a multiple of 34?
False
Does 84 divide 1260?
True
Does 23 divide 12006?
True
Is 36 a factor of 9468?
True
Is 997 a multiple of 2?
False
Is 52 a multiple of 2?
True
Does 57 divide 23199?
True
Does 22 divide 65142?
True
Is 25 a factor of 1475?
True
Is 6944 a multiple of 16?
True
Is 38 a factor of 132?
False
Does 54 divide 1002?
False
Is 9 a factor of 23577?
False
Is 609 a multiple of 46?
False
Is 14 a factor of 160300?
True
Is 39 a factor of 7644?
True
Is 7060 a multiple of 20?
True
Is 1206 a multiple of 31?
False
Does 79 divide 2538?
False
Is 429 a multiple of 11?
True
Does 10 divide 40?
True
Does 18 divide 4320?
True
Does 18 divide 72?
True
Is 6 a factor of 264?
True
Is 3 a factor of 9343?
False
Is 64 a factor of 7229?
False
Is 6 a multiple of 3?
True
Is 4132 a multiple of 42?
False
Is 8504 a multiple of 12?
False
Is 2807 a multiple of 27?
False
Is 21 a factor of 117626?
False
Does 100 divide 13984?
False
Is 10 a factor of 80?
True
Does 3 divide 2161?
False
Is 4 a factor of 79?
False
Is 32 a factor of 1600?
True
Does 16 divide 5184?
True
Is 7580 a multiple of 35?
False
Does 43 divide 2752?
True
Is 1068 a multiple of 11?
False
Is 16 a factor of 6080?
True
Does 10 divide 653?
False
Is 16 a factor of 3933?
False
Is 12 a factor of 1380?
True
Is 258 a multiple of 21?
False
Does 17 divide 2845?
False
Is 16 a multiple of 5?
False
Does 15 divide 11325?
True
Is 265 a multiple of 10?
False
Is 1265 a multiple of 5?
True
Is 5 a factor of 5975?
True
Is 521 a multiple of 109?
False
Is 62 a factor of 4267?
False
Is 112621 a multiple of 186?
False
Is 3784 a multiple of 24?
False
Does 28 divide 588?
True
Is 414 a multiple of 2?
True
Does 20 divide 2719?
False
Does 64 divide 32254?
False
Is 30752 a multiple of 31?
True
Is 57 a factor of 1311?
True
Does 10 divide 980?
True
Does 54 divide 4316?
False
Is 100 a multiple of 25?
True
Is 43 a multiple of 43?
True
Is 1525 a multiple of 5?
True
Does 19 divide 3363?
True
Is 19 a factor of 1405?
False
Does 12 divide 1741?
False
Is 10 a factor of 1734?
False
Does 13 divide 455?
True
Is 3 a factor of 218?
False
Does 17 divide 629?
True
Does 85 divide 9860?
True
Does 7 divide 4118?
False
Does 10 divide 9930?
True
Is 47 a factor of 1233?
False
Is 965 a multiple of 128?
False
Is 2958 a multiple of 51?
True
Is 4409 a multiple of 27?
False
Does 9 divide 1221?
False
Does 10 divide 97590?
True
Does 34 divide 8316?
False
Is 11 a factor of 12408?
True
Does 31 divide 124?
True
Is 19 a factor of 1139?
False
Is 227 a multiple of 21?
False
Is 7450 a multiple of 10?
True
Is 3509 a multiple of 4?
False
Is 92 a factor of 799?
False
Does 24 divide 2328?
True
Is 6 a factor of 12818?
False
Is 962 a multiple of 27?
False
Is 16 a factor of 18475?
False
Does 51 divide 3978?
True
Is 11505 a multiple of 59?
True
Is 6 a factor of 524?
False
Is 2553 a multiple of 69?
True
Is 8 a factor of 424?
True
Does 13 divide 28591?
False
Does 157 divide 942?
True
Does 36 divide 24475?
False
Is 701 a multiple of 55?
False
Is 17 a factor of 1224?
True
Is 13 a factor of 26?
True
Is 2821 a multiple of 2?
False
Is 18746 a multiple of 91?
True
Is 1225 a multiple of 7?
True
Is 495 a multiple of 45?
True
Is 25 a factor of 9373?
False
Is 16702 a multiple of 46?
False
Does 24 divide 8568?
True
Is 20 a factor of 1975?
False
Does 23 divide 48737?
True
Is 432 a multiple of 16?
True
Does 114 divide 9006?
True
Is 2256 a multiple of 16?
True
Does 50 divide 2592?
False
Does 12 divide 4816?
False
Is 14 a factor of 4210?
False
Is 15000 a multiple of 10?
True
Is 3823 a multiple of 10?
False
Is 23826 a multiple of 38?
True
Is 3173 a multiple of 19?
True
Does 29 divide 1218?
True
Is 164 a multiple of 41?
True
Is 17 a factor of 1124?
False
Is 15 a factor of 1095?
True
Is 12 a factor of 972?
True
Does 24 divide 1152?
True
Is 495 a multiple of 17?
False
Is 450 a multiple of 50?
True
Is 5 a factor of 353?
False
Is 12 a factor of 132?
True
Does 35 divide 37508?
False
Is 27 a factor of 2376?
True
Is 3060 a multiple of 68?
True
Does 12 divide 132?
True
Is 33 a factor of 776?
False
Is 18 a factor of 14236?
False
Does 21 divide 5565?
True
Does 42 divide 378?
True
Is 21 a factor of 2205?
True
Is 26220 a multiple of 190?
True
Is 27197 a multiple of 24?
False
Is 6 a factor of 5551?
False
Is 239 a factor of 62365?
False
Is 35496 a multiple of 34?
True
Does 77 divide 890?
False
Is 136 a factor of 26952?
False
Is 47 a factor of 25662?
True
Is 1122 a multiple of 2?
True
Is 4410 a multiple of 3?
True
Does 18 divide 723?
False
Is 6 a factor of 157?
False
Is 5883 a multiple of 37?
True
Is 38 a factor of 674?
False
Does 2 divide 287?
False
Does 64 divide 3042?
False
Does 5 divide 2210?
True
Is 2 a factor of 462?
True
Is 39 a factor of 41808?
True
Does 22 divide 37257?
False
Is 55 a factor of 20295?
True
Is 11 a factor of 21861?
False
Is 22 a factor of 12342?
True
Is 8644 a multiple of 64?
False
Does 150 divide 3450?
True
Is 9568 a multiple of 92?
True
Is 2189 a multiple of 114?
False
Does 31 divide 899?
True
Does 17 divide 1282?
False
Does 5 divide 125?
True
Does 23 divide 2921?
True
Is 15 a factor of 3945?
True
Is 79 a factor of 5451?
True
Is 33 a factor of 66858?
True
Does 49 divide 784?
True
Is 32318 a multiple of 22?
True
Does 40 divide 1824?
False
Is 1214 a multiple of 53?
False
Does 22 divide 535?
False
Is 23 a factor of 667?
True
Is 59471 a multiple of 27?
False
Is 340 a multiple of 85?
True
Does 89 divide 6428?
False
Is 428 a multiple of 14?
False
Does 48 divide 816?
True
Is 31416 a multiple of 6?
True
Is 19115 a multiple of 4?
False
Does 94 divide 2162?
True
Does 52 divide 1664?
True
Is 11 a factor of 594?
True
Is 15 a factor of 1698?
False
Is 8 a factor of 136?
True
Does 32 divide 736?
True
Is 10199 a multiple of 47?
True
Is 51 a factor of 306?
True
Is 4 a factor of 366?
False
Does 7 divide 1155?
True
Is 8 a factor of 1167?
False
Is 101 a factor of 16261?
True
Is 11 a factor of 737?
True
Does 17 divide 1384?
False
Is 9 a factor of 2133?
True
Does 22 divide 610?
False
Is 7480 a multiple of 17?
True
Is 81 a factor of 1